ors of h?
2, 1061
Suppose -3*y - 5*q + 11 + 7 = 0, -4*y + 5*q = -24. Suppose -4 = v - y. Suppose -5*d + 108 + 145 = -4*r, v*d = -4*r + 118. What are the prime factors of d?
53
Let f(m) be the second derivative of m**5/20 - 7*m**4/12 + m**3 + 3*m**2/2 + 2*m. Let t be f(6). Suppose 2*w - 75 = -t*w. What are the prime factors of w?
3, 5
Let f = -14 + 20. List the prime factors of f/(4*3/234).
3, 13
Let j = -1978 - -3589. List the prime factors of j.
3, 179
List the prime factors of ((-87)/(-12))/((-11)/(-3036)).
3, 23, 29
Suppose r - 4*g + 32 = 0, 2*g = g + 3. Let d be ((-6)/10)/(4/r). Suppose -d*w + 42 = -42. What are the prime factors of w?
2, 7
Suppose -b - 3*q = 4*b - 1130, -5*b - 2*q = -1130. Let n = b + -108. Let t = n - 82. List the prime factors of t.
2, 3
Let d = 9 + -6. Suppose 5*i - 14 - 16 = -5*m, 0 = -d*m + 3*i. Suppose -4*r + 24 = -w + m*w, -5*r = -4*w + 113. What are the prime factors of w?
2, 11
Let h = -28 + 33. Suppose f + 1096 = h*f. What are the prime factors of f?
2, 137
Let b(j) = -j - 2. Let l be b(-6). Suppose 2*i - 278 = -n, l*i + n - 349 = 207. What are the prime factors of i?
139
Let y = -124 - -218. What are the prime factors of y?
2, 47
Let v be ((-49)/(-28))/((-2)/56). Let w = 28 + v. Let a = -12 - w. List the prime factors of a.
3
Let n(u) = -2*u - 13. Let g be n(-4). List the prime factors of 244/3*9*g/(-30).
2, 61
Suppose 11*p - 154 = 88. What are the prime factors of p?
2, 11
Suppose 5*p + 151 = m - 1251, -2*m + 5*p + 2829 = 0. List the prime factors of m.
1427
List the prime factors of 64/(-3)*((-187)/22 - 11).
2, 13
Let q(o) = 7*o - 7. Suppose 5*y - 10 = 5*i, 0 = 3*i - 4*y + 13 - 3. What are the prime factors of q(i)?
7
Suppose 3 = 3*i, -23*k = -22*k - 5*i - 457. List the prime factors of k.
2, 3, 7, 11
Suppose 5*s + 3625 = 10*s. Suppose -66*a + 61*a + s = 0. List the prime factors of a.
5, 29
Let r(q) = -q**3 + 9*q**2. Let v be (54/(-15))/(12/(-30)). Let h be r(v). Suppose -2*l + 4 + 0 = h. List the prime factors of l.
2
Suppose -10*h = -14*h + w + 3417, -3*w = 15. What are the prime factors of h?
853
Let w(d) = d**3 - 7*d**2 - d + 11. Let p be w(7). Let u be -217 + 2*(-6)/p. What are the prime factors of u/5*(-2)/4?
2, 11
Suppose 1536 = -0*g + 4*g - 4*f, 3*f + 3 = 0. Suppose -6*o - 149 = -g. What are the prime factors of o?
3, 13
Let h(b) = 8*b**2 - 43*b - 8. List the prime factors of h(-21).
4423
Let a = 10 + -6. Suppose -2*z - 408 = -3*j, 0*z = -2*j - 2*z + 272. Suppose 2*d - 60 = -3*t, j = -0*d + a*d - 2*t. List the prime factors of d.
3, 11
Suppose 14*w + 140 = 7*w. List the prime factors of w/(-8)*856/20.
107
Let w = 2350 - 1554. List the prime factors of w.
2, 199
Let j(i) = -i**3 + 7*i**2 - 3*i + 6. Let h be j(6). Let d = 36 + 28. Let k = d - h. What are the prime factors of k?
2, 5
Let f(l) = l**2 - 6*l - 3. What are the prime factors of f(13)?
2, 11
Let c(t) = 8 + t**2 + 21*t - 8*t + 0*t**2. Let k be c(-13). Suppose -67 = -5*i + k. What are the prime factors of i?
3, 5
Suppose 52*t - 8434 = 50*t. What are the prime factors of t?
4217
Let v(q) = -4*q - 4*q**2 - q**3 + 11 - 5*q + 8. What are the prime factors of v(-7)?
229
Suppose -2*l - 5*y = -2801, -57*l + 1390 = -56*l - y. What are the prime factors of l?
7, 199
Let p(o) = -o**2 + 11*o + 7. Let s be p(9). Suppose 2*m = u - 0*u - 15, 0 = 3*u + 4*m - s. What are the prime factors of u?
11
Suppose h + 11 = 12. Suppose -5*n - 2*s = -36, 3*s = 2*n + 2*n - 15. List the prime factors of (h + -31)*(-3)/n.
3, 5
Suppose 0 = -3*a - 5*d + 55, 21 = a - 4*d + 3*d. Let x be 8/(-3)*90/a. Let b(h) = -h**3 - 13*h**2 - 12*h + 11. What are the prime factors of b(x)?
11
Let y(k) = -123*k + 99. What are the prime factors of y(-4)?
3, 197
Let w(f) = -50*f - 31. List the prime factors of w(-3).
7, 17
Let w(m) = -79*m**3 + m. Suppose 0 = 4*s + 3*l + l, -2*s - 4*l = -2. What are the prime factors of w(s)?
2, 3, 13
Let d be 1/(((-4)/(-6))/((-12)/9)). What are the prime factors of 3 + 43 - (d - -3)?
3, 5
Let u be 0 - (0 - 3 - -1). Let y be (1 - 0)/(u/(-18)). List the prime factors of 62/6 - (-3)/y.
2, 5
Suppose -a = 2*n - 534 + 33, -4*a + 2024 = 3*n. What are the prime factors of a?
509
Suppose n + 0*n - 57 = 0. Let z = -3 - 36. Let y = n + z. What are the prime factors of y?
2, 3
Let t(z) be the third derivative of z**4/6 - 11*z**3/6 + z**2. Let v be t(10). Let o = -13 + v. What are the prime factors of o?
2
Suppose 2*i = -0*i + 126. Let z = i + 5. List the prime factors of z.
2, 17
Suppose -j - 56 = -164. Suppose 3*v + j = 7*v. What are the prime factors of v?
3
Let t(f) = f**2 - 14*f - 22. List the prime factors of t(-23).
829
Let q = 0 - 0. Suppose -4*j + 15*j - 1276 = q. List the prime factors of j.
2, 29
Let z = -1095 + 1954. What are the prime factors of z?
859
Let p(d) = d + 7. Let r be p(7). Let o = 27 + r. What are the prime factors of o?
41
Let s(m) be the first derivative of -m**3/3 - 4*m**2 + 11*m - 28. Suppose t = 3*t + 18. List the prime factors of s(t).
2
Let c(s) = -s**2 + 20*s + 8. Suppose -28 = -3*r + 29. What are the prime factors of c(r)?
3
Let p(s) = s - 1. Let g(y) = 4*y + 5. Let m(r) = g(r) - 3*p(r). What are the prime factors of m(-4)?
2
Suppose -2*s = -8 + 4. Suppose 5*m + 137 = -s*j + 4*j, -j - 5*m + 61 = 0. Suppose 3*a - 45 = j. What are the prime factors of a?
37
Let k = 52 - 64. What are the prime factors of ((-4)/k)/(1088/(-1092) + 1)?
7, 13
Suppose -3 = r - 2*z - 1, 2 = -r - 3*z. Let b be r/8 - 1809/(-36). Suppose b = 5*q + k, -2*q = k - 12 - 5. List the prime factors of q.
11
Suppose 0 = -8*q - 196 + 1764. Let d = -95 + q. List the prime factors of d.
101
Suppose -235*u + 11528 = 4*h - 239*u, -u = 5*h - 14410. List the prime factors of h.
2, 11, 131
Let d(y) = 42 - 4*y**2 - y**3 - 11*y - 11 - 7*y**2 + 0*y**3. List the prime factors of d(-10).
41
List the prime factors of 3/(-4 + 3381/843).
281
List the prime factors of 8018/6 + 25/15.
2, 3, 223
Let y(p) = -6 + 32*p + 5 - 9. What are the prime factors of y(5)?
2, 3, 5
Let m(q) = 47*q + 14. List the prime factors of m(19).
907
Suppose 6*r + 169 - 871 = 0. List the prime factors of ((-2)/(-3))/(235/r + -2).
2, 3, 13
Let j = -773 - -2988. What are the prime factors of j?
5, 443
Suppose 0 = 2*d - 3 + 7, -4*h - 2*d + 5892 = 0. What are the prime factors of h?
2, 11, 67
Let c = 938 - 474. List the prime factors of c.
2, 29
Let d be (162/(-8))/(9/36). Let q = d - -242. Suppose -5*k + q = 1. What are the prime factors of k?
2
Let s = 58 + -54. Suppose -q + 4*m + 18 = 0, s*q + m - 98 = -9. List the prime factors of q.
2, 11
Suppose -4*t - 8*u + 4*u - 12 = 0, 3*t + 2*u = -4. Suppose 0 = -t*a + 3*a + m + 1, -5*m + 1 = 4*a. List the prime factors of 1 - (-19 - a/(-3)).
2, 11
Let x = 73 - 71. Suppose -4*h + 576 = 5*s, x*h - 74 - 184 = 5*s. List the prime factors of h.
139
Suppose 268*k = 263*k. Suppose 12*n + 9*n - 3822 = k. List the prime factors of n.
2, 7, 13
Suppose -10*n - i - 1201 = -11*n, 1191 = n + 4*i. List the prime factors of n.
11, 109
Suppose 0 = -4*v + 5*p + 642, 3*v + 221 - 703 = 4*p. List the prime factors of v.
2, 79
Suppose 5*p + 7 = 27. Suppose 3*f = -0*f + 6, -5*k = -3*f - p. Suppose k*h - 16 = -0*h. What are the prime factors of h?
2
List the prime factors of 24124/36 - 3/27.
2, 5, 67
Suppose 10 = -5*h - 40. Let f(k) = -k**2 - 12*k + 8. List the prime factors of f(h).
2, 7
Suppose 3*w + 0*w = 5*h - 3612, 5*h + 3*w - 3588 = 0. What are the prime factors of h?
2, 3, 5
Suppose 14140 = 5*c - i, 3*c - 4*i + 11336 = 7*c. What are the prime factors of c?
3, 23, 41
Let f be 4 + (-5 - -3) + 0. Suppose -y = f*y + 3. Let r = y + 9. What are the prime factors of r?
2
Let r(c) = c**3 + 9*c**2 - 10*c. Let q be r(-10). Suppose 5*w - 29 - 16 = q. Let s(v) = -v**2 + 11*v + 2. What are the prime factors of s(w)?
2, 5
Let s = 1566 + -1036. List the prime factors of s.
2, 5, 53
Let f = 30 + -32. What are the prime factors of (7/14)/(f/(-44))?
11
Suppose 6*u - 71 = 3*u - 2*t, -1 = -t. Let c = 21 - u. What are the prime factors of (0 + 1)*(8 + c)?
2, 3
Let w(d) = -7*d - 4. Suppose -17*o + 15*o - 10 = 0. List the prime factors of w(o).
31
Let z(q) = 42*q + 82. What are the prime factors of z(18)?
2, 419
Let z = -21 - -94. What are the prime factors of z?
73
Suppose 2*a = 56 + 32. Suppose 0 = -f - 3*p + 63